[INFO] cloning repository https://github.com/Bobxcat/staq-lang-parser
[INFO] running `Command { std: "git" "-c" "credential.helper=" "-c" "credential.helper=/workspace/cargo-home/bin/git-credential-null" "clone" "--bare" "https://github.com/Bobxcat/staq-lang-parser" "/workspace/cache/git-repos/https%3A%2F%2Fgithub.com%2FBobxcat%2Fstaq-lang-parser", kill_on_drop: false }`
[INFO] [stderr] Cloning into bare repository '/workspace/cache/git-repos/https%3A%2F%2Fgithub.com%2FBobxcat%2Fstaq-lang-parser'...
[INFO] running `Command { std: "git" "rev-parse" "HEAD", kill_on_drop: false }`
[INFO] [stdout] a241521527c1f718a72916316565dcfc16247a51
[INFO] checking Bobxcat/staq-lang-parser against master#e6e4f7ed1589e03bc2f6c5931c1a72e7947e8682 for beta-170-4
[INFO] running `Command { std: "git" "clone" "/workspace/cache/git-repos/https%3A%2F%2Fgithub.com%2FBobxcat%2Fstaq-lang-parser" "/workspace/builds/worker-3-tc2/source", kill_on_drop: false }`
[INFO] [stderr] Cloning into '/workspace/builds/worker-3-tc2/source'...
[INFO] [stderr] done.
[INFO] validating manifest of git repo https://github.com/Bobxcat/staq-lang-parser on toolchain e6e4f7ed1589e03bc2f6c5931c1a72e7947e8682
[INFO] running `Command { std: CARGO_HOME="/workspace/cargo-home" RUSTUP_HOME="/workspace/rustup-home" "/workspace/cargo-home/bin/cargo" "+e6e4f7ed1589e03bc2f6c5931c1a72e7947e8682" "metadata" "--manifest-path" "Cargo.toml" "--no-deps", kill_on_drop: false }`
[INFO] started tweaking git repo https://github.com/Bobxcat/staq-lang-parser
[INFO] finished tweaking git repo https://github.com/Bobxcat/staq-lang-parser
[INFO] tweaked toml for git repo https://github.com/Bobxcat/staq-lang-parser written to /workspace/builds/worker-3-tc2/source/Cargo.toml
[INFO] crate git repo https://github.com/Bobxcat/staq-lang-parser already has a lockfile, it will not be regenerated
[INFO] running `Command { std: CARGO_HOME="/workspace/cargo-home" RUSTUP_HOME="/workspace/rustup-home" "/workspace/cargo-home/bin/cargo" "+e6e4f7ed1589e03bc2f6c5931c1a72e7947e8682" "fetch" "--manifest-path" "Cargo.toml", kill_on_drop: false }`
[INFO] running `Command { std: "docker" "create" "-v" "/var/lib/crater-agent-workspace/builds/worker-3-tc2/target:/opt/rustwide/target:rw,Z" "-v" "/var/lib/crater-agent-workspace/builds/worker-3-tc2/source:/opt/rustwide/workdir:ro,Z" "-v" "/var/lib/crater-agent-workspace/cargo-home:/opt/rustwide/cargo-home:ro,Z" "-v" "/var/lib/crater-agent-workspace/rustup-home:/opt/rustwide/rustup-home:ro,Z" "-e" "SOURCE_DIR=/opt/rustwide/workdir" "-e" "CARGO_TARGET_DIR=/opt/rustwide/target" "-e" "CARGO_HOME=/opt/rustwide/cargo-home" "-e" "RUSTUP_HOME=/opt/rustwide/rustup-home" "-w" "/opt/rustwide/workdir" "-m" "1610612736" "--user" "0:0" "--network" "none" "ghcr.io/rust-lang/crates-build-env/linux@sha256:19e73879b68f455e41552ea35293514db52ea292d993f571636dbffedb77a1ee" "/opt/rustwide/cargo-home/bin/cargo" "+e6e4f7ed1589e03bc2f6c5931c1a72e7947e8682" "metadata" "--no-deps" "--format-version=1", kill_on_drop: false }`
[INFO] [stdout] 527e3fd01c2c3ec7b0c74b0882c6ce9a54b4e586a086f43cc1215f47d1ebe0ca
[INFO] running `Command { std: "docker" "start" "-a" "527e3fd01c2c3ec7b0c74b0882c6ce9a54b4e586a086f43cc1215f47d1ebe0ca", kill_on_drop: false }`
[INFO] running `Command { std: "docker" "inspect" "527e3fd01c2c3ec7b0c74b0882c6ce9a54b4e586a086f43cc1215f47d1ebe0ca", kill_on_drop: false }`
[INFO] running `Command { std: "docker" "rm" "-f" "527e3fd01c2c3ec7b0c74b0882c6ce9a54b4e586a086f43cc1215f47d1ebe0ca", kill_on_drop: false }`
[INFO] [stdout] 527e3fd01c2c3ec7b0c74b0882c6ce9a54b4e586a086f43cc1215f47d1ebe0ca
[INFO] running `Command { std: "docker" "create" "-v" "/var/lib/crater-agent-workspace/builds/worker-3-tc2/target:/opt/rustwide/target:rw,Z" "-v" "/var/lib/crater-agent-workspace/builds/worker-3-tc2/source:/opt/rustwide/workdir:ro,Z" "-v" "/var/lib/crater-agent-workspace/cargo-home:/opt/rustwide/cargo-home:ro,Z" "-v" "/var/lib/crater-agent-workspace/rustup-home:/opt/rustwide/rustup-home:ro,Z" "-e" "SOURCE_DIR=/opt/rustwide/workdir" "-e" "CARGO_TARGET_DIR=/opt/rustwide/target" "-e" "CARGO_INCREMENTAL=0" "-e" "RUST_BACKTRACE=full" "-e" "RUSTFLAGS=--cap-lints=forbid" "-e" "RUSTDOCFLAGS=--cap-lints=forbid" "-e" "CARGO_HOME=/opt/rustwide/cargo-home" "-e" "RUSTUP_HOME=/opt/rustwide/rustup-home" "-w" "/opt/rustwide/workdir" "-m" "1610612736" "--user" "0:0" "--network" "none" "ghcr.io/rust-lang/crates-build-env/linux@sha256:19e73879b68f455e41552ea35293514db52ea292d993f571636dbffedb77a1ee" "/opt/rustwide/cargo-home/bin/cargo" "+e6e4f7ed1589e03bc2f6c5931c1a72e7947e8682" "check" "--frozen" "--all" "--all-targets" "--message-format=json", kill_on_drop: false }`
[INFO] [stdout] be0e8c35ff63243a17a88362111e4f64c62bc1fdc0fa45e36903517121504c8c
[INFO] running `Command { std: "docker" "start" "-a" "be0e8c35ff63243a17a88362111e4f64c62bc1fdc0fa45e36903517121504c8c", kill_on_drop: false }`
[INFO] [stderr]    Compiling num-traits v0.2.14
[INFO] [stderr]    Compiling num-integer v0.1.44
[INFO] [stderr]    Compiling num-bigint v0.4.3
[INFO] [stderr]    Compiling num-iter v0.1.42
[INFO] [stderr]    Compiling num-rational v0.4.0
[INFO] [stderr]     Checking num-complex v0.4.0
[INFO] [stderr]     Checking num v0.4.0
[INFO] [stderr]     Checking staq-lang-parser v0.1.0 (/opt/rustwide/workdir)
[INFO] [stdout] warning: unused imports: `env`, `self`
[INFO] [stdout]  --> src/interpreter.rs:2:5
[INFO] [stdout]   |
[INFO] [stdout] 2 |     env,
[INFO] [stdout]   |     ^^^
[INFO] [stdout] 3 |     fs::{self, File},
[INFO] [stdout]   |          ^^^^
[INFO] [stdout]   |
[INFO] [stdout]   = note: `#[warn(unused_imports)]` on by default
[INFO] [stdout] 
[INFO] [stdout] 
[INFO] [stdout] warning: unused import: `interpreter::*`
[INFO] [stdout]  --> src/lib.rs:8:5
[INFO] [stdout]   |
[INFO] [stdout] 8 | use interpreter::*;
[INFO] [stdout]   |     ^^^^^^^^^^^^^^
[INFO] [stdout] 
[INFO] [stdout] 
[INFO] [stdout] warning: unused imports: `env`, `self`
[INFO] [stdout]  --> src/interpreter.rs:2:5
[INFO] [stdout]   |
[INFO] [stdout] 2 |     env,
[INFO] [stdout]   |     ^^^
[INFO] [stdout] 3 |     fs::{self, File},
[INFO] [stdout]   |          ^^^^
[INFO] [stdout]   |
[INFO] [stdout]   = note: `#[warn(unused_imports)]` on by default
[INFO] [stdout] 
[INFO] [stdout] 
[INFO] [stdout] warning: unused import: `interpreter::*`
[INFO] [stdout]  --> src/lib.rs:8:5
[INFO] [stdout]   |
[INFO] [stdout] 8 | use interpreter::*;
[INFO] [stdout]   |     ^^^^^^^^^^^^^^
[INFO] [stdout] 
[INFO] [stdout] 
[INFO] [stdout] warning: unused import: `interpreter::run_from_file_path`
[INFO] [stdout]   --> src/lib.rs:23:9
[INFO] [stdout]    |
[INFO] [stdout] 23 |         interpreter::run_from_file_path,
[INFO] [stdout]    |         ^^^^^^^^^^^^^^^^^^^^^^^^^^^^^^^
[INFO] [stdout] 
[INFO] [stdout] 
[INFO] [stdout] error[E0061]: this function takes 2 arguments but 1 argument was supplied
[INFO] [stdout]    --> src/interpreter.rs:190:5
[INFO] [stdout]     |
[INFO] [stdout] 190 |     optimize(tokens);
[INFO] [stdout]     |     ^^^^^^^^-------- an argument of type `usize` is missing
[INFO] [stdout]     |
[INFO] [stdout] note: function defined here
[INFO] [stdout]    --> src/optimize.rs:5:8
[INFO] [stdout]     |
[INFO] [stdout] 5   | pub fn optimize(tokens: &mut Vec<TokenType>, level: usize) {
[INFO] [stdout]     |        ^^^^^^^^ ---------------------------  ------------
[INFO] [stdout] help: provide the argument
[INFO] [stdout]     |
[INFO] [stdout] 190 |     optimize(tokens, /* usize */);
[INFO] [stdout]     |             ~~~~~~~~~~~~~~~~~~~~~
[INFO] [stdout] 
[INFO] [stdout] 
[INFO] [stdout] error[E0061]: this function takes 2 arguments but 1 argument was supplied
[INFO] [stdout]    --> src/interpreter.rs:190:5
[INFO] [stdout]     |
[INFO] [stdout] 190 |     optimize(tokens);
[INFO] [stdout]     |     ^^^^^^^^-------- an argument of type `usize` is missing
[INFO] [stdout]     |
[INFO] [stdout] note: function defined here
[INFO] [stdout]    --> src/optimize.rs:5:8
[INFO] [stdout]     |
[INFO] [stdout] 5   | pub fn optimize(tokens: &mut Vec<TokenType>, level: usize) {
[INFO] [stdout]     |        ^^^^^^^^ ---------------------------  ------------
[INFO] [stdout] help: provide the argument
[INFO] [stdout]     |
[INFO] [stdout] 190 |     optimize(tokens, /* usize */);
[INFO] [stdout]     |             ~~~~~~~~~~~~~~~~~~~~~
[INFO] [stdout] 
[INFO] [stdout] 
[INFO] [stdout] error[E0308]: mismatched types
[INFO] [stdout]  --> src/optimize.rs:6:46
[INFO] [stdout]   |
[INFO] [stdout] 6 |     let opt_levels = [|| opt_0(&mut tokens), || opt_1(&mut tokens)];
[INFO] [stdout]   |                       --                     ^^^^^^^^^^^^^^^^^^^^^ expected closure, found a different closure
[INFO] [stdout]   |                       |
[INFO] [stdout]   |                       the expected closure
[INFO] [stdout]   |
[INFO] [stdout]   = note: expected closure `[closure@src/optimize.rs:6:23: 6:25]`
[INFO] [stdout]              found closure `[closure@src/optimize.rs:6:46: 6:48]`
[INFO] [stdout]   = note: no two closures, even if identical, have the same type
[INFO] [stdout]   = help: consider boxing your closure and/or using it as a trait object
[INFO] [stdout] 
[INFO] [stdout] 
[INFO] [stdout] error[E0308]: mismatched types
[INFO] [stdout]  --> src/optimize.rs:6:46
[INFO] [stdout]   |
[INFO] [stdout] 6 |     let opt_levels = [|| opt_0(&mut tokens), || opt_1(&mut tokens)];
[INFO] [stdout]   |                       --                     ^^^^^^^^^^^^^^^^^^^^^ expected closure, found a different closure
[INFO] [stdout]   |                       |
[INFO] [stdout]   |                       the expected closure
[INFO] [stdout]   |
[INFO] [stdout]   = note: expected closure `[closure@src/optimize.rs:6:23: 6:25]`
[INFO] [stdout]              found closure `[closure@src/optimize.rs:6:46: 6:48]`
[INFO] [stdout]   = note: no two closures, even if identical, have the same type
[INFO] [stdout]   = help: consider boxing your closure and/or using it as a trait object
[INFO] [stdout] 
[INFO] [stdout] 
[INFO] [stdout] error: aborting due to 2 previous errors; 2 warnings emitted
[INFO] [stdout] 
[INFO] [stdout] 
[INFO] [stdout] Some errors have detailed explanations: E0061, E0308.
[INFO] [stdout] 
[INFO] [stdout] For more information about an error, try `rustc --explain E0061`.
[INFO] [stdout] 
[INFO] [stdout] error: aborting due to 2 previous errors; 3 warnings emitted
[INFO] [stdout] 
[INFO] [stdout] 
[INFO] [stdout] Some errors have detailed explanations: E0061, E0308.
[INFO] [stdout] 
[INFO] [stdout] For more information about an error, try `rustc --explain E0061`.
[INFO] [stdout] 
[INFO] [stderr] error: could not compile `staq-lang-parser` (lib) due to 3 previous errors; 2 warnings emitted
[INFO] [stderr] warning: build failed, waiting for other jobs to finish...
[INFO] [stderr] error: could not compile `staq-lang-parser` (lib test) due to 3 previous errors; 3 warnings emitted
[INFO] running `Command { std: "docker" "inspect" "be0e8c35ff63243a17a88362111e4f64c62bc1fdc0fa45e36903517121504c8c", kill_on_drop: false }`
[INFO] running `Command { std: "docker" "rm" "-f" "be0e8c35ff63243a17a88362111e4f64c62bc1fdc0fa45e36903517121504c8c", kill_on_drop: false }`
[INFO] [stdout] be0e8c35ff63243a17a88362111e4f64c62bc1fdc0fa45e36903517121504c8c
